 when x is divided by 16?
13
Let d be 1/(3164/632 + -5). Suppose 6*q - 2*q = 108. Calculate the remainder when d/((-5)/((-25)/10)) is divided by q.
25
Let y = 5 - 3. Calculate the remainder when ((-8)/(-3))/(58/174) is divided by y.
0
Let z(w) = 14*w + 8. Suppose 2*p = -0 + 2. What is the remainder when z(p) is divided by 8?
6
Let s(w) = 5*w - 4 + 14 - 8*w. Calculate the remainder when s(1) is divided by 2.
1
Let f be 45/(-27) + 1/(-3). Let s = f + 6. Calculate the remainder when s is divided by 4.
0
Let o(i) = -i**3 - 3*i**2 - 3*i - 4. Let l be (1 + 0)*(-1 - -9). Suppose 2*p = 4*p + l. Calculate the remainder when o(p) is divided by 13.
11
Let y = -828 - -875. Let h = 5 + 21. Calculate the remainder when y is divided by h.
21
Let a = 130 - 80. Calculate the remainder when (-104)/(-676) - 1285/(-13) is divided by a.
49
Calculate the remainder when 115 is divided by (6 - 216/45)*35.
31
Let r(q) = q**2 - 16*q - 16. Let l(o) = o**3 - 7*o**2 + o + 4. What is the remainder when r(20) is divided by l(7)?
9
Suppose -v + 3 + 8 = 0. Let c(m) = -m**3 + 9 + 4 - m + 7 - m**2. What is the remainder when c(0) is divided by v?
9
Let x = -159 - -242. Calculate the remainder when x is divided by 7.
6
Suppose 5*f + 3*j = 389, -3*f = -0*j + 4*j - 240. What is the remainder when f is divided by 9?
4
Suppose 27*b - 1613 = -47. What is the remainder when b is divided by 35?
23
Let p = -21 - -25. Suppose p*c - o - 118 = -3*o, -c + 3*o = -33. Calculate the remainder when c is divided by 4.
2
Suppose -473 = -42*y + 199. Let b(f) = -64*f. Let k be b(-3). Let g = -129 + k. What is the remainder when g is divided by y?
15
Suppose -c + 3*g + 224 = -115, -7*c + 2373 = -3*g. What is the remainder when c is divided by 18?
15
Let p = -143 + 242. What is the remainder when p is divided by 20?
19
Let d(v) = -37*v - 9. Let r(k) = -18*k - 5. Let h(w) = -6*d(w) + 11*r(w). What is the remainder when h(3) is divided by 0 - 3 - (-108)/4?
23
Suppose -102 = 56*f - 57*f. Calculate the remainder when f is divided by 9.
3
Let m(a) = 2*a - 14. Let b be m(7). Suppose -414 = -4*q - c, -4*q + 4*c + b*c = -424. Calculate the remainder when q is divided by 21.
20
Suppose -3*h + 25 = 1. Suppose -s = -k - 51 - 0, h = 2*k. Calculate the remainder when s is divided by 19.
17
Let r = 152 - 145. Calculate the remainder when 8 is divided by r.
1
Calculate the remainder when 492 is divided by 11 + (-12 - 2)*(-1)/7.
11
Let s = 470 + -158. Suppose 0 = o - 5*o + s. Calculate the remainder when o is divided by 27.
24
Let o(t) = -5*t**2 - 43*t - 8. Calculate the remainder when 239 is divided by o(-7).
47
Let b = 50 + -46. Suppose -b*n + 0*n = -a - 61, -2*n = -2*a - 32. Calculate the remainder when 40 is divided by n.
10
Let a(z) = -z**2 + 16*z + 5. Calculate the remainder when a(15) is divided by (2/6)/(18/378).
6
Let a(q) = -q**3 + 31*q**2 - 55*q - 11. Calculate the remainder when a(29) is divided by 14.
6
Let t be (-9)/(-12) + (-273)/12. Let c = t - -27. What is the remainder when 21 is divided by c?
1
Suppose 2*x = -2*p - 10, x + 10 = -0*p + 4*p. Let d(w) = w - 178 + 178 - 6*w. What is the remainder when 118 is divided by d(x)?
28
Suppose 3*b - 140 = -2*t - 0*t, -4*b = 2*t - 188. Let m = -34 + b. Let c = 125 + -71. Calculate the remainder when c is divided by m.
12
Let j(q) = 4*q**3 - 6*q**2 + q + 29. What is the remainder when j(4) is divided by 68?
57
Let p(h) = -43*h - 167. What is the remainder when p(-7) is divided by 37?
23
Let j = 287 - 276. Calculate the remainder when 31 is divided by j.
9
Suppose -3*s = -4*s + 32. What is the remainder when 29 is divided by (-2)/(-16) - (-348)/s?
7
Calculate the remainder when (-992)/(-9) + (-4)/18 is divided by 28.
26
Suppose -375 = 15*w - 2205. Let z = w + -115. What is the remainder when 7 is divided by z?
0
Let u = -82 + 111. Calculate the remainder when 83 is divided by u.
25
Let k be 280/68 - 10/85. Suppose 4*a - 79 = -5*q + 5*a, -k*q - a = -65. What is the remainder when 46 is divided by q?
14
Let s be (-1)/(-2)*(17 + 1). Suppose 60 = 8*h - 20. Calculate the remainder when 3/s + (-232)/(-6) is divided by h.
9
Let t be (0 + 1/3)*6. Let k be 11/4 - 1/(-4). Suppose d = k*d + r - 106, 58 = d - t*r. Calculate the remainder when d is divided by 11.
10
Let g(k) = k**3 - 6*k**2 - 3*k + 6. Let d be g(6). Let q = 3 - d. Calculate the remainder when 88 is divided by q.
13
Suppose -x + 5*q = -5*x - 19, 2*q = 2. Let y be 0*(1 - (-9)/x). Suppose -64 = -3*f + 2*m, f + y*m + 5*m = 27. Calculate the remainder when f is divided by 12.
10
Suppose 44 = -a + 5*a. Suppose -3*y + 61 - 5 = -2*o, 2*y - 2*o - 36 = 0. What is the remainder when y is divided by a?
9
Suppose 3*s - 2*s = 2, 3*q - 3*s + 6 = 0. Suppose 5*i - 5*r - 100 = q, -7*r + 52 = 3*i - 12*r. Calculate the remainder when 95 is divided by i.
23
Suppose -505 = -5*o - a, o - 3*a = 2*o - 101. Let h = 26 - 23. Suppose -h*c + 31 = -47. Calculate the remainder when o is divided by c.
23
Let r(q) = -2*q**3 - 5*q**2 - 25*q - 186. What is the remainder when 235 is divided by r(-5)?
43
Let j(s) = s + 48. What is the remainder when j(-7) is divided by -3 - (4 + -16)/1?
5
Let b = 52 - 9. Let y = 719 - 710. Calculate the remainder when b is divided by y.
7
Suppose 9*v + 10 = 14*v. Suppose 0*n - 5*n = 2*y + 2, y - v = -n. Calculate the remainder when 11 is divided by y.
3
Let f = -127 + 181. Let g = f - -9. Calculate the remainder when g is divided by (1 - -4) + -6 + (13 - 1).
8
Let l(t) = -t**3 - 10*t**2 - 3. Let k be l(-10). Let q(s) = -23*s - 3. Let g be q(k). Suppose 0 = -v + 4*v - g. What is the remainder when 85 is divided by v?
19
Calculate the remainder when 125 is divided by -2 + -3*(256/(-12))/4.
13
Suppose 6 = -3*q + 5*g, 156 - 153 = 3*q - 2*g. Suppose -2*l = 5*c - 21, l + 12 = 8*c - 3*c. Calculate the remainder when q is divided by l.
0
Let x be (-12)/(1 + -2 + -1). Suppose v - 3 = x. Suppose v*t = 4*t, 0 = -3*j - t + 75. What is the remainder when j is divided by 9?
7
Let m(f) be the first derivative of -3*f**2 - f + 8. Calculate the remainder when 30 is divided by m(-3).
13
Calculate the remainder when 10 is divided by 28/(-175)*-10*(-5)/(-2).
2
Let x be (-4 - -1) + (-1 - -480). Let r = x - 224. What is the remainder when 11 is divided by r/54*(-6)/(-4)?
4
Let r = 15 + -11. Let q(s) = s**3 + 5*s**2 - 6*s - 4. Let m be q(-6). What is the remainder when m*(-6 + 3 + 1) is divided by r?
0
Let h(z) = -z**3 + 8*z + 91. What is the remainder when h(0) is divided by 32?
27
Let m(i) = i**2 - 7*i + 7. Let o be m(6). Let v = o + 11. Let h = -62 + 95. Calculate the remainder when h is divided by v.
9
Let r(v) = 13*v**2 - v + 1. Let x be r(1). Suppose -x = -3*t + 2. Suppose i + 7*m - 3*m = 9, t*i - 77 = -4*m. Calculate the remainder when 66 is divided by i.
15
Suppose 0 = 33*r - 687 - 765. What is the remainder when 125 is divided by r?
37
Suppose -f + 4 + 23 = -4*n, 0 = 3*f + 3*n - 156. Calculate the remainder when f is divided by 21.
5
Suppose 2*f + 3*w + 10 = 6*w, 0 = -2*f + 2*w - 8. Calculate the remainder when (-2)/((-3)/(-3)) - (-37 + f) is divided by 24.
13
Suppose 3*m - 24 = -4*n, 0*m - m - 5*n + 8 = 0. Suppose -y + 8 + m = 0. Let i = 25 - y. What is the remainder when 16 is divided by i?
7
Let y(t) = -2*t**3 + 62*t**2 + 63*t + 125. What is the remainder when y(32) is divided by 90?
3
Let v be 45/(-2)*(-56)/21. Suppose -2*y = 5*d + 3*y - v, -d + 4*y + 32 = 0. What is the remainder when 45 is divided by d?
13
Suppose -7*q - 74 + 88 = 0. Calculate the remainder when 3 is divided by q.
1
Suppose 4*v - 12*a = -11*a + 730, -179 = -v + 2*a. What is the remainder when v is divided by 32?
23
Let h be 96/(-44) + (-6)/(-33) - -2. Suppose h = -4*a - 4*u - 8, -3*a - 5*u - 10 = -u. Calculate the remainder when 4 is divided by a.
0
Suppose -42 = 345*y - 352*y. Calculate the remainder when 39 is divided by y.
3
Calculate the remainder when 1/((-3)/6)*1590/(-60) is divided by ((-42)/9)/((-1)/3).
11
Let f = -35 - -62. Let v be (9/(-2))/((-2)/4). What is the remainder when (-24)/v*(-117)/4 is divided by f?
24
Let z = -77 - -77. Calculate the remainder when -1*(z - -59)/(-1) is divided by 21.
17
Suppose 0 - 9 = 3*v. Calculate the remainder when -3*(v/(-3))/3 - -29 is divided by 10.
8
Let b be (-1 - -2)/((-2)/(-30)). Suppose 0 = -b*f -